{"id":468,"date":"2016-10-17T20:02:20","date_gmt":"2016-10-17T18:02:20","guid":{"rendered":"http:\/\/www.flener.org\/mfm\/?page_id=468"},"modified":"2016-10-23T15:36:11","modified_gmt":"2016-10-23T13:36:11","slug":"editions","status":"publish","type":"page","link":"https:\/\/www.flener.org\/mfm\/editions\/","title":{"rendered":"Editions"},"content":{"rendered":"<p><img loading=\"lazy\" class=\"alignnone wp-image-469\" src=\"http:\/\/www.flener.org\/mfm\/wp-content\/uploads\/2016\/10\/Kunstaktivit\u00e4ten_Deckel.jpg\" alt=\"kunstaktivitaten_deckel\" width=\"600\" height=\"522\" srcset=\"https:\/\/www.flener.org\/mfm\/wp-content\/uploads\/2016\/10\/Kunstaktivit\u00e4ten_Deckel.jpg 800w, https:\/\/www.flener.org\/mfm\/wp-content\/uploads\/2016\/10\/Kunstaktivit\u00e4ten_Deckel-300x261.jpg 300w, https:\/\/www.flener.org\/mfm\/wp-content\/uploads\/2016\/10\/Kunstaktivit\u00e4ten_Deckel-768x668.jpg 768w\" sizes=\"(max-width: 600px) 100vw, 600px\" \/><\/p>\n<p>&nbsp;<br \/>\nPr\u00e9face<br \/>\nCe livre s&rsquo;adresse aux passionn\u00e9s de l&rsquo;art, ainsi qu&rsquo;aux enfants aimant exercer une activit\u00e9 cr\u00e9ative. Ce recueil est le fruit d&rsquo;un travail accompli durant de nombreuses ann\u00e9es, avec des groupes d&rsquo;enfants \u00e2g\u00e9s de six \u00e0 douze ans. Mais ces techniques peuvent \u00e9videmment plaire \u00e0 des enfants plus jeunes.<br \/>\nLes techniques pr\u00e9sent\u00e9es offrent de nombreuses possibilit\u00e9s pour l&rsquo;expression artistique. On peut s&rsquo;en servir pour exp\u00e9rimenter, pour \u00e9laborer diff\u00e9rentes mat\u00e9riaux, pour changer et recr\u00e9er ses propres cr\u00e9ations artistiques.<br \/>\nLes enfants sont curieux, avides de savoir et passionn\u00e9s d&rsquo;exp\u00e9riences. Ils ont un certain potentiel de cr\u00e9ativit\u00e9, cependant ils d\u00e9veloppent des pr\u00e9f\u00e9rences sp\u00e9cifiques. Les uns pr\u00e9f\u00e8rent dessiner ou peindre, d&rsquo;autres aiment modeler la glaise ou fa\u00e7onner la pierre \u00e0 savon.<br \/>\nLa cr\u00e9ativit\u00e9 de l&rsquo;individu ne doit pas \u00eatre restreinte; bien au contraire, l&rsquo;enfant sera encourag\u00e9 \u00e0 engager ses propres id\u00e9es, \u00e0 pouvoir \u00e9prouver le plaisir de la cr\u00e9ation.<br \/>\nM\u00eame si le r\u00e9sultat ne correspond pas toujours aux attentes de l&rsquo;adulte, chaque activit\u00e9 cr\u00e9ative constitue un processus d&rsquo;apprentissage.<br \/>\nPour les activit\u00e9s artistiques, l&rsquo;enseignant devrait disposer d&rsquo;une \u00ab\u00a0bo\u00eete \u00e0 tr\u00e9sor\u00a0\u00bb qui contient diff\u00e9rents mat\u00e9riaux, librement disponibles aux petits artistes qui peuvent s&rsquo;en servir pour accomplir et individualiser leurs oeuvres.<br \/>\nQuelle chance pour nous les jeunes d&rsquo;antan: on avait encore le droit de s&rsquo;ennuyer, de regarder les nuages qui passent et d&rsquo;y inventer des objets de fantaisie. <\/p>\n<p>\u00ab\u00a0Pour celui qui y prend aujourd&rsquo;hui encore son temps, s&rsquo;ouvrent les esprits.\u00a0\u00bb<\/p>\n<p>Je souhaite \u00e0 tous les enfants et passionn\u00e9s de l&rsquo;Art beaucoup de plaisir et d&rsquo;inspiration pour leurs cr\u00e9ations artistiques.<\/p>\n<p>Mariette Flener<br \/>\n_____________________________________________<br \/>\n\u00a9 SNE EDITIONS s.a r.l.<br \/>\nSyndicat National des Enseignants, Luxembourg<br \/>\nISBN 978-2-87992-547-9<br \/>\n1. Edition, 2013<\/p>\n","protected":false},"excerpt":{"rendered":"<p>&nbsp; Pr\u00e9face Ce livre s&rsquo;adresse aux passionn\u00e9s de l&rsquo;art, ainsi qu&rsquo;aux enfants aimant exercer une activit\u00e9 cr\u00e9ative. Ce recueil est le fruit d&rsquo;un travail accompli durant de nombreuses ann\u00e9es, avec des groupes d&rsquo;enfants \u00e2g\u00e9s de six \u00e0 douze ans. Mais ces techniques peuvent \u00e9videmment plaire \u00e0 des enfants plus jeunes. Les techniques pr\u00e9sent\u00e9es offrent de [&hellip;]<\/p>\n","protected":false},"author":1,"featured_media":0,"parent":0,"menu_order":0,"comment_status":"closed","ping_status":"closed","template":"","meta":[],"_links":{"self":[{"href":"https:\/\/www.flener.org\/mfm\/wp-json\/wp\/v2\/pages\/468"}],"collection":[{"href":"https:\/\/www.flener.org\/mfm\/wp-json\/wp\/v2\/pages"}],"about":[{"href":"https:\/\/www.flener.org\/mfm\/wp-json\/wp\/v2\/types\/page"}],"author":[{"embeddable":true,"href":"https:\/\/www.flener.org\/mfm\/wp-json\/wp\/v2\/users\/1"}],"replies":[{"embeddable":true,"href":"https:\/\/www.flener.org\/mfm\/wp-json\/wp\/v2\/comments?post=468"}],"version-history":[{"count":8,"href":"https:\/\/www.flener.org\/mfm\/wp-json\/wp\/v2\/pages\/468\/revisions"}],"predecessor-version":[{"id":482,"href":"https:\/\/www.flener.org\/mfm\/wp-json\/wp\/v2\/pages\/468\/revisions\/482"}],"wp:attachment":[{"href":"https:\/\/www.flener.org\/mfm\/wp-json\/wp\/v2\/media?parent=468"}],"curies":[{"name":"wp","href":"https:\/\/api.w.org\/{rel}","templated":true}]}}

<p><img loading="lazy" class="alignnone wp-image-469" src="http://www.flener.org/mfm/wp-content/uploads/2016/10/Kunstaktivitäten_Deckel.jpg" alt="kunstaktivitaten_deckel" width="600" height="522" srcset="https://www.flener.org/mfm/wp-content/uploads/2016/10/Kunstaktivitäten_Deckel.jpg 800w, https://www.flener.org/mfm/wp-content/uploads/2016/10/Kunstaktivitäten_Deckel-300x261.jpg 300w, https://www.flener.org/mfm/wp-content/uploads/2016/10/Kunstaktivitäten_Deckel-768x668.jpg 768w" sizes="(max-width: 600px) 100vw, 600px" /></p>
<p>&nbsp;<br />
Préface<br />
Ce livre s&rsquo;adresse aux passionnés de l&rsquo;art, ainsi qu&rsquo;aux enfants aimant exercer une activité créative. Ce recueil est le fruit d&rsquo;un travail accompli durant de nombreuses années, avec des groupes d&rsquo;enfants âgés de six à douze ans. Mais ces techniques peuvent évidemment plaire à des enfants plus jeunes.<br />
Les techniques présentées offrent de nombreuses possibilités pour l&rsquo;expression artistique. On peut s&rsquo;en servir pour expérimenter, pour élaborer différentes matériaux, pour changer et recréer ses propres créations artistiques.<br />
Les enfants sont curieux, avides de savoir et passionnés d&rsquo;expériences. Ils ont un certain potentiel de créativité, cependant ils développent des préférences spécifiques. Les uns préfèrent dessiner ou peindre, d&rsquo;autres aiment modeler la glaise ou façonner la pierre à savon.<br />
La créativité de l&rsquo;individu ne doit pas être restreinte; bien au contraire, l&rsquo;enfant sera encouragé à engager ses propres idées, à pouvoir éprouver le plaisir de la création.<br />
Même si le résultat ne correspond pas toujours aux attentes de l&rsquo;adulte, chaque activité créative constitue un processus d&rsquo;apprentissage.<br />
Pour les activités artistiques, l&rsquo;enseignant devrait disposer d&rsquo;une « boîte à trésor » qui contient différents matériaux, librement disponibles aux petits artistes qui peuvent s&rsquo;en servir pour accomplir et individualiser leurs oeuvres.<br />
Quelle chance pour nous les jeunes d&rsquo;antan: on avait encore le droit de s&rsquo;ennuyer, de regarder les nuages qui passent et d&rsquo;y inventer des objets de fantaisie. </p>
<p>« Pour celui qui y prend aujourd&rsquo;hui encore son temps, s&rsquo;ouvrent les esprits. »</p>
<p>Je souhaite à tous les enfants et passionnés de l&rsquo;Art beaucoup de plaisir et d&rsquo;inspiration pour leurs créations artistiques.</p>
<p>Mariette Flener<br />
_____________________________________________<br />
© SNE EDITIONS s.a r.l.<br />
Syndicat National des Enseignants, Luxembourg<br />
ISBN 978-2-87992-547-9<br />
1. Edition, 2013</p>

<p>&nbsp; Préface Ce livre s&rsquo;adresse aux passionnés de l&rsquo;art, ainsi qu&rsquo;aux enfants aimant exercer une activité créative. Ce recueil est le fruit d&rsquo;un travail accompli durant de nombreuses années, avec des groupes d&rsquo;enfants âgés de six à douze ans. Mais ces techniques peuvent évidemment plaire à des enfants plus jeunes. Les techniques présentées offrent de [&hellip;]</p>
